{"text_format":"1","workbook":"xlsx","n_sheets":9,"sheets":["Accueil","Utilitaire","Validation","Description","Détail des projets","GES","Indicateurs","Commentaires","Évaluation"],"not_rendered":{"charts":0,"images":17,"macros":1,"external_links":0,"defined_names":480,"comments":1,"pivot_tables":0},"unopened":[],"bounds":{"document_bytes":16777216,"sheet_cells":100000,"rows_first":2000,"rows_last":500,"rows_between":2000,"halvings":0,"cell_chars":16384,"cell_head_chars":4096},"cells_cut":0,"cells_raw":0,"read":"whole","date_system":"1900"}

{"sheet":"Accueil","index":0,"n_rows":85,"n_cols":11,"rows_kept":85,"cut":false,"hidden":false,"merged":[[69,0,71,0],[68,1,68,12],[71,10,71,11],[69,1,69,2],[71,8,71,9],[70,1,70,2],[71,1,71,2],[71,3,71,6],[67,10,67,11],[69,10,69,11],[67,3,67,6],[70,8,70,9],[72,3,72,11],[21,1,21,12],[26,1,26,12],[30,1,30,12],[64,8,64,9],[1,4,3,10],[4,5,5,9],[23,1,23,12],[9,1,9,12],[24,1,24,12],[19,1,19,12],[20,1,20,12],[18,1,18,12],[16,1,16,12],[14,1,14,12],[15,1,15,12],[54,1,54,2],[28,1,28,12],[31,10,31,12],[51,1,51,2],[52,1,52,2],[54,4,54,11],[51,4,51,11],[52,4,52,11],[65,1,65,2],[56,1,56,2],[56,3,56,10],[49,1,49,12],[29,1,29,12],[55,1,55,2],[73,3,73,11],[25,1,25,12],[67,1,67,2],[57,1,57,2],[31,1,31,9],[66,3,66,6],[66,8,66,9],[66,1,66,2],[65,3,65,6],[53,4,53,11],[53,1,53,2],[55,3,55,11],[64,3,64,6],[65,10,65,11],[64,10,64,11],[57,3,57,11],[73,1,73,2],[66,10,66,11],[84,1,86,12],[58,1,58,2],[69,3,69,6],[70,3,70,6],[65,8,65,9],[62,3,62,4],[69,8,69,9],[64,1,64,2],[72,1,72,2],[67,8,67,9],[62,1,62,2],[58,3,58,11],[75,11,75,12],[70,10,70,11]]}
[]
[null,null,null,null,"EXERCICES DE SUIVI DU FONDS VERT"]
[]
[]
[null,null,null,null,null,"2019-10-01"]
[]
[]
[]
[]
[null,"Bienvenue dans votre fiche de suivi du Plan d'action 2013-2020 sur les changements climatiques!"]
[]
[]
[]
[null,"Échéance de transmission :","2019-11-06"]
[null,"Nouveautés pour l’exercice de suivi d'octobre 2019 "]
[null,"* Un nouvel onglet «Évaluation» a été ajouté à la fiche de suivi. Cet onglet est pour usage interne du CGFV et ne sera pas publié."]
[null,"* Des commentaires peuvent vous être adressés dans tous les onglets. Veuillez réviser ou préciser le contenu de la fiche en conséquence."]
[null,"Consignes générales :"]
[null,"→Les informations doivent être en date du 2019-09-30."]
[null,"→Assurez-vous de valider votre fiche en cliquant sur le bouton « Validation » situé dans l’onglet « Indicateur » avant de la transmettre au CGFV à\n    l’adresse suivante :  direction.operations@cgfv.gouv.qc.ca. Chaque fiche non validée vous sera retournée."]
[null,"→ Veuillez remplir les cases G20 et P20 de l'onglet GES, même si votre action ne vise pas la réduction des émissions de GES."]
[null,"→Conservez la fiche en format xlsm afin de pouvoir profiter des outils conviviaux."]
[null,"→Tous les champs doivent être complétés."]
[null,"→Toute information confidentielle, en vertu d’un contrat ou d’une entente, doit être saisie en bleu."]
[null,"→Copier-coller des informations à partir d’un document Word verrouille les cellules concernées. Pour pouvoir à nouveau écrire et modifier le format de ces cellules, fermez et ouvrez à nouveau la fiche."]
[null,"→La plupart des cellules contenant du texte sont limitées à 250 caractères."]
[null,"→Il est important de remplir la colonne Coût/tonne estimé de l’onglet GES lorsqu’applicable."]
[]
[]
[]
[]
[null,"Besoin d’assistance? Écrivez-nous à l’adresse suivante en précisant votre question et vos coordonnées : ",null,null,null,null,null,null,null,null,"direction.operations@cgfv.gouv.qc.ca"]
[]
[]
[]
[]
[]
[]
[]
[]
[]
[]
[]
[]
[]
[]
[]
[]
[]
[null,"Veuillez vérifier, corriger et compléter les informations ci-dessous :"]
[]
[null,"Priorité :",null,31,"Coordination, suivi et reddition de comptes"]
[null,"Action :",null,"31.1","Développement de politiques, d’expertise et des relations avec les partenaires en changements climatiques - Déclaration des GES et gestion du marché du carbone"]
[null,"Sous-action :",null,"31.1.3","Coordination, suivi et reddition de comptes - Bureau de gouvernance du Fonds vert"]
[null,"Libellé usuel :",null,"31.1.3","Renforcement de la coordination, suivi et reddition par le BGFV"]
[null,"Programme :",null,"Sans objet"]
[null,"Nom du programme :"]
[null,"Statut de l’action :",null,"terminée"]
[null,"Raison du statut de l’action :"]
[]
[]
[]
[null,"Informations en date du :",null,"2019-09-30"]
[]
[null,"Ministère porteur :",null,"MELCC",null,null,null,null,"Direction responsable :",null,"BGFV"]
[null,"Partenaires :",null,"S.O.",null,null,null,null,"Part de financement par le Fonds vert :",null,100]
[null,"Budget 2013-2020 (M$) :",null,null,null,null,null,null,"Autres sources de financement :",null,"S.O."]
[null,"Date de lancement de l’action :",null,"2017-04-01",null,null,null,null,"Date de fin de l’action :",null,"2017-11-01"]
[null,"Section réservée à l’usage exclusif du CGFV (lignes 70 à 72 non publiées)"]
[null,"Chargé de projet :",null,null,null,null,null,null,"Tél. :"]
[null,"Responsable ministériel :",null,null,null,null,null,null,"Tél. :"]
[null,"Personne ressource pour le CGFV :",null,null,null,null,null,null,"Tél. :"]
[null,"Téléphone pour informations :",null,"418 521-3822"]
[null,"Référence Web :",null,"S. O."]
[null,null,null,"2019-09-30"]
[]
[]
[]
[]
[]
[]
[]
[]
[]
[null,"Le 31 décembre 2020 correspond à la date limite à laquelle le ministère ou organisme peut engager des sommes pour les projets financés par le Fonds vert. Les projets financés peuvent démarrer quelques mois après l'engagement des sommes. L'action se termine lorsque le suivi des résultats est complété."]

{"sheet":"Utilitaire","index":1,"n_rows":54,"n_cols":11,"rows_kept":54,"cut":false,"hidden":true,"merged":[[15,1,15,5],[15,8,15,9],[39,1,39,6]]}
[]
[]
[null,"Mot de passe:","!1320PACC","Fiche verrouillée:"]
[null,"Fiche validée:","Non","Est-ce que le pop-up \"validation\" s'affiche:"]
[null,"GES attendu:","Non"]
[null,"Feuille accueil complètement remplie:","Non","Exercice de suivi:","2019-06-01"]
[null,"Statut action:",{"$f":"Accueil!D58","v":"terminée"}]
[null,"Feuille Utilitaire visible:","Non","Titre des Onglets:","PLAN D'ACTION 2013-2020 SUR LES CHANGEMENTS CLIMATIQUES"]
[null,"Dernière ligne de la zone de défilement de l'onglet détail des projets:",62]
[null,"nombre d'indicateurs approuvés:","0"]
[null,"Secteur:","PACC 2013-2020"]
[null,"Numéro de séquence de l'action:",31.013000000000002,"Remplir la section Évaluation requis : ",{"$f":"IF(Utilitaire!C7=I21,\"Oui\",IF(C7=I23,\"Oui\",\"Non\"))","v":"Oui"}]
[null,"Première ligne masquée dans l'onglet Description:",76,"Affiche onglet Évaluation:","Oui","Première ligne masquée dans l'onglet Évaluation:",50]
[]
[null,"Listes Déroulantes"]
[null,"Onglet \"Détail des projets\"",null,null,null,null,"Onglet \"Indicateurs\"","DRFM COF","Accueil"]
[null,"Région Administrative","Statut","Classification","Type d'émissions","Info GES","Type d'indicateur","Exercice de suivi","Statut de l'action","Programmes","Fiche verrouillée"]
[null,"99-toutes les régions","AC-Actif","SU-Subvention","QC-Québec","Oui","Minimum à atteindre","2013-2014-1","non démarrée","Sans objet","Oui - partenaire"]
[null,"01-Bas-Saint-Laurent","TE-Terminé","CF-Contrat fonctionnement","HQ-Hors-Québec","Non","Maximum à ne pas dépasser","2013-2014-2","en élaboration","Autre programme","Oui - diffusion en ligne"]
[null,"02-Saguenay- Lac-Saint-Jean","AT-En attente","CI-Contrat immobilisation","ND-Non distingué",null,"Binaire","2014-2015-1","en cours","Action-Climat Québec ","Non - BGFV"]
[null,"03-Capitale-Nationale","SU-Suspendu","CP-Contrat service professionnel",null,null,null,"2014-2015-2","terminée","Biomasse forestière résiduelle"]
[null,"04-Mauricie ","AN-Annulé","CT-Contrat service technique",null,null,null,"2015-2016-1","en suspens","Branché au travail"]
[null,"05-Estrie","AB-Abandonné","PI-Projet à l'interne",null,null,null,"2015-2016-2","abandonnée","Climat-municipalités"]
[null,"06-Montréal",null,"AU-Autre",null,null,null,"2016-2017-1",null,"ClimatSol-Plus"]
[null,"07-Outaouais",null,null,null,null,null,"2016-2017-2",null,"Écocamionnage","Commentaires"]
[null,"08-Abitibi-Témiscamingue",null,null,null,null,null,"2017-2018-1",null,"Écoperformance","Accueil"]
[null,"09-Côte-Nord","Projet en lien avec le transport","Horizon temporel Potentiel GES",null,"Catégories",null,"2017-2018-2",null,"PADTC - Programme d'aide au développement du transport collectif","Description"]
[null,"10-Nord-du-Québec","Oui","À la fin du projet (suite au dernier versement)",null,"Agricole",null,"2018-2019-1",null,"PAGASTC - Programme d’aide gouvernementale à l’amélioration des services de transport en commun","Détail des projets"]
[null,"11-Gaspésie-Iles-de-la-Madeleine","Non","Cinq ans après la commercialisation du produit",null,"Aménagement du territoire",null,"2018-2019-2","Part de financement par le PACC","PAGTCP - Programme d’aide gouvernementale au transport collectif des personnes","GES"]
[null,"12-Chaudières-Appalaches",null,"Dix ans après la commercialisation du produit",null,"Bâtiment",null,"2019-2020-1","Variable","PAGTCR - Programme d'aide gouvernementale au transport collectif régional","Indicateurs"]
[null,"13-Laval",null,2030,null,"Biodiversité, écosystèmes et ressources naturelles",null,"2019-2020-2",{"$f":"10 & \" %\"","v":"10 %"},"PETMAF - Programme d'aide à l'amélioration de l'efficacité du transport maritime, aérien et ferroviaire en matière de réduction des émissions de GES","Validation"]
[null,"14-Lanaudière",null,2040,null,"Industriel, commercial et institutionnel",null,"2020-2021-1",{"$f":"20 & \" %\"","v":"20 %"},"PREGTI - Programme visant la réduction des émissions de GES par le développement du transport intermodal","Tout - autres"]
[null,"15-Laurentides",null,2050,null,"Matières résiduelles",null,"2020-2021-2",{"$f":"30 & \" %\"","v":"30 %"},"Prime-Vert"]
[null,"16-Montérégie",null,null,null,"Reddition de comptes et partenariats",null,"2021-2022-1",{"$f":"40 & \" %\"","v":"40 %"},"Programme d’aide gouvernementale transitoire en matière de transport routier des personnes"]
[null,"17-Centre-du-Québec",null,null,null,"Santé et sécurité publique",null,"2021-2022-2",{"$f":"50 & \" %\"","v":"50 %"},"Programme de compostage pour petites municipalités","Onglet Évaluation"]
[null,null,null,null,null,"Transports",null,"2022-2023-1",{"$f":"60 & \" %\"","v":"60 %"},"Programme de coopération climatique internationale","Type de document"]
[null,null,null,null,null,"Autres",null,"2022-2023-2",{"$f":"70 & \" %\"","v":"70 %"},"Programme de soutien à des projets de démonstration en transport collectif électrique","Cadre d'évaluation"]
[null,null,null,null,null,null,null,"2023-2024-1",{"$f":"80 & \" %\"","v":"80 %"},"Programme de soutien à l'intégration de l'adaptation aux changements climatiques à la planification municipale","Cadre de suivi d'évaluation préliminaire"]
[null,null,null,null,null,null,null,"2023-2024-2",{"$f":"90 & \" %\"","v":"90 %"},"Programme de soutien aux municipalités dans la mise en place d'infrastructures de gestion durable des eaux de pluie à la source","Rapport d'évaluation"]
[null,"Onglet \"Description\"",null,null,null,null,null,null,{"$f":"100 & \" %\"","v":"100 %"},"Programme de subventions à l’adaptation des taxis et des autocars interurbains pour le transport des personnes se déplaçant en fauteuil roulant","Résultats"]
[null,"Clientèle","État d'avancement",null,"Finalité",null,"Moyens",null,null,"Programme de vitrine technologique pour les bâtiments et les solutions innovantes en bois"]
[null,"Citoyens","Nouvelle",null,"Adaptation aux effets des changements climatiques",null,"Encadrement légal (politiques, stratégies, codes, réglementations, etc.)",null,null,"Projets de démonstration de taxis électriques","Type d'évaluation"]
[null,"Entreprises (grandes entreprises)","En cours",null,"Réduction des émissions de gaz à effet de serre",null,"Innovation, recherche et développement",null,null,"Promotion de l'électrification des transports","En cours d'action"]
[null,"Entreprises (petites ou moyennes entreprises)","Complétée",null,"Réduction et adaptation",null,"Réalisation (programmes et subventions favorisant l'exécution de solutions établies)",null,null,"PTMOBC - Programme de traitement des matières organiques par biométhanisation et compostage","Lorsque l'action est terminée"]
[null,"Établissements de recherche","Inactive",null,"Coordination",null,"Sensibilisation, formation et promotion",null,null,"Rénoclimat-volet Chauffez vert"]
[null,"Ministères et organismes gouvernementaux","Abandonnée",null,null,null,null,null,null,"Roulez électrique"]
[null,"Municipalités et organismes municipaux",null,null,null,null,null,null,null,"Soutien aux essais de fertilisation","Recommandation"]
[null,"Organismes à but non lucratif",null,null,null,null,null,null,null,"Technoclimat","Reconduire"]
[null,null,null,null,null,null,null,null,null,"Véloce II","Ne pas reconduire"]
[]
[null,null,null,null,null,null,null,null,null,null,"Objectifs initiaux"]
[null,null,null,null,null,null,null,null,null,null,"Oui"]
[null,null,null,null,null,null,null,null,null,null,"Partiellement"]
[null,null,null,null,null,null,null,null,null,null,"Non"]

{"sheet":"Validation","index":2,"n_rows":87,"n_cols":7,"rows_kept":87,"cut":false,"hidden":true,"merged":[[55,1,55,4],[7,1,7,6],[12,1,12,6],[13,1,13,6],[44,1,44,4],[43,1,43,4],[42,1,42,4],[43,6,44,6],[43,5,44,5],[28,5,29,5],[28,6,29,6],[40,1,40,5],[54,1,54,4],[20,6,21,6],[22,6,23,6],[24,6,25,6],[46,6,47,6],[49,6,50,6],[53,1,53,4],[36,1,36,4],[41,1,41,4],[37,1,37,4],[38,1,38,4],[39,1,39,4],[48,1,48,4],[49,1,49,4],[50,1,50,4],[52,1,52,5],[49,5,50,5],[29,1,29,4],[30,1,30,4],[27,1,27,5],[45,1,45,5],[47,1,47,4],[33,1,33,4],[46,1,46,4],[46,5,47,5],[31,1,31,4],[32,1,32,4],[34,1,34,4],[35,1,35,5],[1,1,1,4],[18,1,18,6],[20,1,20,4],[22,1,22,4],[24,1,24,4],[19,1,19,5],[26,1,26,4],[28,1,28,4],[5,1,5,6],[2,1,2,2],[4,1,4,2],[4,3,4,6],[20,5,21,5],[22,5,23,5],[24,5,25,5],[25,1,25,4],[21,1,21,4],[23,1,23,4],[3,3,3,6],[3,1,3,2]]}
[]
[null,{"$f":"Utilitaire!E8","v":"PLAN D'ACTION 2013-2020 SUR LES CHANGEMENTS CLIMATIQUES"}]
[null,{"$f":"\"Action \" & Accueil!D58","v":"Action terminée"}]
[null,{"$f":"Accueil!D55","v":"31.1.3"}]
[null,"Ministère porteur:",null,null,{"$f":"Accueil!$D$65","v":"MELCC"}]
[null,"Rapport de validation de la fiche de suivi"]
[]
[null,"Conseils de rédaction : \n\n- Cet onglet ne sera pas diffusé.\n\n- Nous apprécierions vos commentaires constructifs par rapport aux nouvelles fiches de suivi. La case B14 est réservée à cet effet.\n\n- Complétez la grille de validation ci-dessous (ligne 19) en cochant chaque point. Vous pouvez inscrire des commentaires à l'endroit prévu à cet effet.\n\n- Dans tous les onglets, les cellules requises non remplies ont été indiquées en jaune. Veuillez les compléter.\n\n- À partir de la ligne 84, une liste de points non conformes se met à jour automatiquement chaque fois que vous appuyez sur le bouton « Validation » (cellule G56). Vérifiez et corrigez ou documentez les problématiques décrites.\n\n- Vous pouvez appuyer sur le bouton « Validation » (cellule G56) autant de fois que nécessaire. Les cellules nouvellement remplies reprendront leur couleur d'origine et les informations à partir de la ligne 84 seront réinitialisées."]
[]
[]
[]
[]
[null,"Votre apréciation de la nouvelle fiche de suivi et suggestions pour les prochains exercices"]
[]
[]
[]
[]
[]
[null,"Grille de validation de la fiche de suivi"]
[null,"Onglet Accueil",null,null,null,null,"Commentaires"]
[null,"Vérifier que toutes les cases sont remplies."]
[null,"Les cases non remplies s'affichent en orange\nLes lignes 69 à 72 seront masquées pour la publication."]
[null,"Vérifier que la part de financement est écrite sous forme de pourcentage (ex. : 60 %)."]
[null,"Inscrire un nombre entre 0 et 100 suivi du symbole \"%\". Si le pourcentage est variable, inscrire \"Variable\"."]
[null,"Vérifier que le statut de l'action est toujours conforme avec son évolution."]
[null,"Utiliser l'information des onglets \"Description\" et Détail des projets\" afin que le statut soit conforme avec\n l'évolution de l'action."]
[null,"Vérifier, s'il y a lieu, que le nom du programme est inscrit."]
[null,"Onglet Description",null,null,null,null,"Commentaires"]
[null,"Vérifier que toutes les cases obligatoires sont remplies."]
[null,"Les cases non remplies s'affichent en jaune."]
[null,"Vérifier que les éléments de classification de l'action sont sélectionnés à partir du menu déroulant."]
[null,"Vérifier que l'entièreté du texte est lisible. "]
[null,"Vérifier que l'échéancier dans la section \"Mise en œuvre\" est inscrit."]
[null,"Vérifier que l'état d'avancement est sélectionné à partir du menu déroulant."]
[null,"Vérifier que le tableau \"Plans, stratégies, politiques incluant la mise en œuvre de cette action\" est rempli."]
[null,"Onglet Détail des projets",null,null,null,null,"Commentaires"]
[null,"Vérifier que les informations confidentielles sont inscrites en bleu."]
[null,"Transmettre au CGFV le rapport des résultats, si un projet est terminé."]
[null,"Vérifier le total des dépenses réelles de tous les projets correspond à celui inscrit dans les COF pour chaque année financière complétée."]
[null,"Vérifier que le total des dépenses réelles et prévues pour un projet n'excède pas le montant engagé."]
[null,"Onglet GES",null,null,null,null,"Commentaires"]
[null,"Vérifier que le total des réductions de GES correspond aux données de l'onglet \"Indicateurs\"."]
[null,"Vérifier que les deux cases de la ligne 20 sont bien remplies."]
[null,"Vérifier que le coût la tonne et la durée du projet sont bien indiqués pour tous les projets ayant soit un potentiel de réduction ou des réductions réelles (colonnes AA et J)."]
[null,"La méthode de calcul du coût la tonne doit respecter les indications en commentaire dans la cellule AA23."]
[null,"Onglet Indicateurs",null,null,null,null,"Commentaires"]
[null,"Vérifier la cohérence des cibles, des résultats et des résultats à comparer avec les cibles.\n (même unité de mesure, évolution des résultats annuels)"]
[null,"S'il y a lieu, utiliser la colonne \"Commentaires sur les résultats\" afin de fournir d'avantage d'informations."]
[null,"Vérifier que les commentaires à l'intention du CGFV qui ne sont pas pour diffusion sont inscrits en bleu."]
[null,"Vérifier qu'il y a des résultats pour tous les indicateurs. Inscrire un 0 comme résultat pour les \n indicateurs ne présentant pas de résultats."]
[null,"Si les résultats ne sont pas disponibles, vous devez inscrire un commentaire dans la colonne prévue\n à cet effet indiquant à quel moment ils seront disponibles."]
[null," Transmettre au CGFV pour approbation une annexe 4 (fiche-indicateur) si vous désirez qu'un indicateur soit ajouté."]
[null,"Onglet Commentaires",null,null,null,null,"Commentaires"]
[null,"Vérifier que les commentaires de l'exercice précédent s'appliquent toujours. Retirer tous les\n commentaires qui ne s'appliquent plus."]
[null,"Vérifier que toutes les colonnes des commentaires inscrits sont remplies."]
[null,"Cliquez sur le bouton \"Validation\" ci-contre afin de voir la liste des problématiques ci-dessous se mettre à jour, puis effectuer les correctifs toujours inscrits dans la liste lorsque nécessaire. Ce bouton est équivalent à celui de la fiche \"Indicateur\"."]
[]
[]
[]
[]
[]
[]
[]
[]
[]
[]
[]
[]
[]
[]
[]
[]
[]
[]
[]
[]
[]
[]
[]
[]
[]
[]
["Code de couleur","Onglet concerné","no ligne","Description de la problématique","No d'erreur",null,"Commentaires"]
[null,"Description",null,"Les informations \"Description, objectif, clientèle, critères d'admissibilité, processus de suivi de l'action, résultats obtenus dans la dernière année, résultats obtenus, finalité, catégorie\" sont manquantes dans l'onglet Description.",18]
[null,"détail des projets",null,"Aucun projets n'est mentionné dans la fiche. Cette situation est acceptable seulement si l'action n'est pas encore lancée (statut non démarrée ou en élaboration).",12]
[null,"GES",null,"Les informations \"Potentiel de réduction des GES, réduction réelles des émissions de GES\" sont manquantes dans l'onglet GES.",18]
[null,"indicateurs",null,"Aucun indicateur n'est inscrit pour cette action. Acceptable seulement si l'action n'est pas démarrée.",20]

{"sheet":"Description","index":3,"n_rows":196,"n_cols":14,"rows_kept":196,"cut":false,"hidden":false,"merged":[[194,1,194,2],[201,1,201,2],[199,1,199,2],[198,1,198,2],[197,1,197,2],[196,1,196,2],[195,1,195,2],[196,13,196,14],[194,3,194,12],[194,13,194,14],[200,1,200,2],[200,3,200,12],[200,13,200,14],[201,3,201,12],[199,3,199,12],[198,3,198,12],[197,3,197,12],[196,3,196,12],[195,3,195,12],[201,13,201,14],[199,13,199,14],[198,13,198,14],[197,13,197,14],[195,13,195,14],[193,1,193,14],[49,2,49,14],[42,2,42,14],[44,1,45,1],[44,2,44,3],[44,4,44,5],[44,6,44,8],[44,9,44,11],[44,12,44,14],[45,2,45,3],[45,4,45,5],[45,6,45,8],[45,9,45,11],[45,12,45,14],[189,1,189,14],[188,1,188,8],[185,1,185,8],[185,9,185,11],[185,12,185,14],[61,1,61,14],[62,1,62,8],[62,9,62,11],[62,12,62,14],[63,1,63,8],[187,12,187,14],[188,12,188,14],[63,9,63,11],[186,9,186,11],[187,9,187,11],[188,9,188,11],[67,12,67,14],[64,12,64,14],[65,12,65,14],[66,12,66,14],[77,9,77,11],[77,12,77,14],[67,9,67,11],[155,9,155,11],[155,12,155,14],[1,8,5,14],[1,1,1,4],[2,1,2,2],[3,2,3,6],[5,1,5,6],[186,1,186,8],[187,1,187,8],[68,1,68,8],[68,9,68,11],[68,12,68,14],[69,1,69,8],[69,9,69,11],[69,12,69,14],[43,2,43,14],[46,2,46,14],[47,2,47,14],[48,2,48,14],[50,2,50,14],[67,1,67,8],[64,9,64,11],[65,9,65,11],[66,9,66,11],[63,12,63,14],[186,12,186,14],[64,1,64,8],[65,1,65,8],[66,1,66,8],[72,1,72,8],[72,9,72,11],[72,12,72,14],[70,1,70,8],[70,9,70,11],[70,12,70,14],[71,1,71,8],[71,9,71,11],[71,12,71,14],[73,1,73,8],[73,9,73,11],[73,12,73,14],[164,1,164,8],[164,9,164,11],[164,12,164,14],[74,1,74,8],[74,9,74,11],[74,12,74,14],[75,1,75,8],[75,9,75,11],[75,12,75,14],[76,1,76,8],[76,9,76,11],[76,12,76,14],[77,1,77,8],[78,1,78,8],[78,9,78,11],[78,12,78,14],[79,1,79,8],[79,9,79,11],[79,12,79,14],[82,1,82,8],[82,9,82,11],[167,1,167,8],[167,9,167,11],[167,12,167,14],[168,1,168,8],[168,9,168,11],[168,12,168,14],[165,1,165,8],[165,9,165,11],[165,12,165,14],[166,1,166,8],[166,9,166,11],[166,12,166,14],[172,1,172,8],[172,9,172,11],[172,12,172,14],[169,1,169,8],[169,9,169,11],[169,12,169,14],[170,1,170,8],[170,9,170,11],[170,12,170,14],[184,1,184,8],[184,9,184,11],[184,12,184,14],[181,1,181,8],[181,9,181,11],[181,12,181,14],[182,1,182,8],[182,9,182,11],[182,12,182,14],[183,1,183,8],[183,9,183,11],[183,12,183,14],[180,1,180,8],[180,9,180,11],[180,12,180,14],[177,1,177,8],[177,9,177,11],[177,12,177,14],[178,1,178,8],[178,9,178,11],[178,12,178,14],[80,1,80,8],[80,9,80,11],[80,12,80,14],[81,1,81,8],[81,9,81,11],[81,12,81,14],[179,1,179,8],[179,9,179,11],[179,12,179,14],[176,1,176,8],[176,9,176,11],[176,12,176,14],[173,1,173,8],[173,9,173,11],[173,12,173,14],[174,1,174,8],[174,9,174,11],[174,12,174,14],[175,1,175,8],[175,9,175,11],[175,12,175,14],[171,1,171,8],[171,9,171,11],[171,12,171,14],[84,1,84,8],[84,9,84,11],[84,12,84,14],[85,1,85,8],[85,9,85,11],[85,12,85,14],[82,12,82,14],[83,1,83,8],[83,9,83,11],[83,12,83,14],[88,1,88,8],[88,9,88,11],[88,12,88,14],[89,1,89,8],[89,9,89,11],[89,12,89,14],[86,1,86,8],[86,9,86,11],[86,12,86,14],[87,1,87,8],[87,9,87,11],[87,12,87,14],[92,1,92,8],[92,9,92,11],[92,12,92,14],[93,1,93,8],[93,9,93,11],[93,12,93,14],[90,1,90,8],[90,9,90,11],[90,12,90,14],[91,1,91,8],[91,9,91,11],[91,12,91,14],[96,1,96,8],[96,9,96,11],[96,12,96,14],[97,1,97,8],[97,9,97,11],[97,12,97,14],[94,1,94,8],[94,9,94,11],[94,12,94,14],[95,1,95,8],[95,9,95,11],[95,12,95,14],[100,1,100,8],[100,9,100,11],[100,12,100,14],[101,1,101,8],[101,9,101,11],[101,12,101,14],[98,1,98,8],[98,9,98,11],[98,12,98,14],[99,1,99,8],[99,9,99,11],[99,12,99,14],[104,1,104,8],[104,9,104,11],[104,12,104,14],[105,1,105,8],[105,9,105,11],[105,12,105,14],[102,1,102,8],[102,9,102,11],[102,12,102,14],[103,1,103,8],[103,9,103,11],[103,12,103,14],[108,1,108,8],[108,9,108,11],[108,12,108,14],[109,1,109,8],[109,9,109,11],[109,12,109,14],[106,1,106,8],[106,9,106,11],[106,12,106,14],[107,1,107,8],[107,9,107,11],[107,12,107,14],[112,1,112,8],[112,9,112,11],[112,12,112,14],[113,1,113,8],[113,9,113,11],[113,12,113,14],[110,1,110,8],[110,9,110,11],[110,12,110,14],[111,1,111,8],[111,9,111,11],[111,12,111,14],[116,1,116,8],[116,9,116,11],[116,12,116,14],[117,1,117,8],[117,9,117,11],[117,12,117,14],[114,1,114,8],[114,9,114,11],[114,12,114,14],[115,1,115,8],[115,9,115,11],[115,12,115,14],[120,1,120,8],[120,9,120,11],[120,12,120,14],[121,1,121,8],[121,9,121,11],[121,12,121,14],[118,1,118,8],[118,9,118,11],[118,12,118,14],[119,1,119,8],[119,9,119,11],[119,12,119,14],[124,1,124,8],[124,9,124,11],[124,12,124,14],[125,1,125,8],[125,9,125,11],[125,12,125,14],[122,1,122,8],[122,9,122,11],[122,12,122,14],[123,1,123,8],[123,9,123,11],[123,12,123,14],[128,1,128,8],[128,9,128,11],[128,12,128,14],[129,1,129,8],[129,9,129,11],[129,12,129,14],[126,1,126,8],[126,9,126,11],[126,12,126,14],[127,1,127,8],[127,9,127,11],[127,12,127,14],[132,1,132,8],[132,9,132,11],[132,12,132,14],[133,1,133,8],[133,9,133,11],[133,12,133,14],[130,1,130,8],[130,9,130,11],[130,12,130,14],[131,1,131,8],[131,9,131,11],[131,12,131,14],[136,1,136,8],[136,9,136,11],[136,12,136,14],[137,1,137,8],[137,9,137,11],[137,12,137,14],[134,1,134,8],[134,9,134,11],[134,12,134,14],[135,1,135,8],[135,9,135,11],[135,12,135,14],[140,1,140,8],[140,9,140,11],[140,12,140,14],[141,1,141,8],[141,9,141,11],[141,12,141,14],[138,1,138,8],[138,9,138,11],[138,12,138,14],[139,1,139,8],[139,9,139,11],[139,12,139,14],[144,1,144,8],[144,9,144,11],[144,12,144,14],[145,1,145,8],[145,9,145,11],[145,12,145,14],[142,1,142,8],[142,9,142,11],[142,12,142,14],[143,1,143,8],[143,9,143,11],[143,12,143,14],[148,1,148,8],[148,9,148,11],[148,12,148,14],[149,1,149,8],[149,9,149,11],[149,12,149,14],[146,1,146,8],[146,9,146,11],[146,12,146,14],[147,1,147,8],[147,9,147,11],[147,12,147,14],[152,1,152,8],[152,9,152,11],[152,12,152,14],[153,1,153,8],[153,9,153,11],[153,12,153,14],[150,1,150,8],[150,9,150,11],[150,12,150,14],[151,1,151,8],[151,9,151,11],[151,12,151,14],[155,1,155,8],[163,1,163,8],[163,9,163,11],[163,12,163,14],[160,1,160,8],[160,9,160,11],[160,12,160,14],[161,1,161,8],[161,9,161,11],[161,12,161,14],[4,2,4,6],[53,2,53,6],[53,9,53,14],[41,1,41,14],[52,1,52,14],[53,7,53,8],[162,1,162,8],[162,9,162,11],[162,12,162,14],[158,1,158,8],[158,9,158,11],[158,12,158,14],[159,1,159,8],[159,9,159,11],[159,12,159,14],[156,1,156,8],[156,9,156,11],[156,12,156,14],[157,1,157,8],[157,9,157,11],[157,12,157,14],[154,1,154,8],[154,9,154,11],[154,12,154,14]]}
[]
[null,"PLAN D'ACTION 2013-2020 SUR LES CHANGEMENTS CLIMATIQUES"]
[null,{"$f":"\"Action \" & Accueil!D58","v":"Action terminée"}]
[null,{"$f":"Accueil!D55","v":"31.1.3"},{"$f":"Accueil!E55","v":"Renforcement de la coordination, suivi et reddition par le BGFV"}]
[null,"Ministère porteur :",{"$f":"Accueil!$D$65","v":"MELCC"}]
[null,"Description"]
[]
[]
[]
[]
[]
[]
[]
[]
[]
[]
[]
[]
[]
[]
[]
[]
[]
[]
[]
[]
[]
[]
[]
[]
[]
[]
[]
[]
[]
[]
[]
[]
[]
[]
[null,"Informations en date du :",null,"2019-09-30"]
[null,"Informations générales"]
[null,"Description : ","Cette sous-action visait l'opérationnalisation de la mise en place du Conseil de gestion du Fonds vert (CGFV) dont la création avait été annoncée par le gouvernement à l'hiver 2017 au Budget 2017-2018. Les employés du Bureau de la gouvernance du Fonds vert qui étaient au MELCC ont été transférés au CGFV au cours de 2017-2018. "]
[null,"Objectif :","Mise en place du CGFV notamment par la préparation des locaux, la logistique pour la bureautique et l'informatoque, support en ressources humaines, informatiques et financières, etc. "]
[null,"Bénéficiaires : "]
[null,null,"Autres (précisez) : "]
[null,"Critères d'admissibilité : ","S. O."]
[null,"Processus de suivi de l'action :","S. O."]
[null,"Résultats et co-bénéfices attendus :","Mise en place du CGFV afin d'assurer la gouvernance du Fonds vert.  "]
[null,"Résultats et co-bénéfices obtenus dans la dernière année :","S. O."]
[null,"Résultats et co-bénéfices obtenus depuis le lancement de l'action :","Mise en place du CGFV afin d'assurer la gouvernance du Fonds vert. Le CGFV a été mis en opération de façon progressive notamment par la mise en place de son Conseil d'administration au printemps 2017 et du transfert de certains effectifs du MELCC vers le CGFV à l'automne 2017."]
[]
[null,"Classification"]
[null,"Finalité :","Coordination",null,null,null,null,"Moyen :",null,"Cadre législatif (normes, réglements, outils)"]
[]
[]
[]
[]
[]
[]
[]
[null,"Mise en œuvre "]
[null,"Étapes (depuis le début de l'action)",null,null,null,null,null,null,null,"Échéancier",null,null,"État d'avancement"]
[null,"Mise en place du CGFV",null,null,null,null,null,null,null,null,null,null,"Complétée"]
[]
[]
[]
[]
[]
[]
[]
[]
[]
[]
[]
[]
[]
[]
[]
[]
[]
[]
[]
[]
[]
[]
[]
[]
[]
[]
[]
[]
[]
[]
[]
[]
[]
[]
[]
[]
[]
[]
[]
[]
[]
[]
[]
[]
[]
[]
[]
[]
[]
[]
[]
[]
[]
[]
[]
[]
[]
[]
[]
[]
[]
[]
[]
[]
[]
[]
[]
[]
[]
[]
[]
[]
[]
[]
[]
[]
[]
[]
[]
[]
[]
[]
[]
[]
[]
[]
[]
[]
[]
[]
[]
[]
[]
[]
[]
[]
[]
[]
[]
[]
[]
[]
[]
[]
[]
[]
[]
[]
[]
[]
[]
[]
[]
[]
[]
[]
[]
[]
[]
[]
[]
[]
[]
[]
[]
[null,"Ajouter une ligne"]
[]
[]
[]
[null,"Plans, stratégies ou politiques incluant la mise en œuvre de cette action"]
[null,"Abréviation",null,"Nom complet",null,null,null,null,null,null,null,null,null,"Numéro de mesure"]
[null,"PACC 2013-2020",null,"Plan d'action 2013-2020 sur les changements climatiques",null,null,null,null,null,null,null,null,null,"31.1.3"]

{"sheet":"Détail des projets","index":4,"n_rows":47,"n_cols":27,"rows_kept":47,"cut":false,"hidden":false,"merged":[[22,26,23,26],[22,11,23,11],[1,1,1,4],[3,2,3,6],[2,1,2,2],[5,1,5,6],[1,8,5,26],[21,14,21,24],[22,7,23,7],[22,13,23,13],[22,25,23,25],[22,9,23,9],[22,12,23,12],[22,8,23,8],[22,6,23,6],[4,2,4,6],[45,1,45,4],[46,1,46,4],[14,1,14,4],[21,1,21,6],[22,2,23,2],[22,5,23,5],[44,1,44,4],[22,4,23,4],[22,1,23,1],[22,3,23,3],[43,1,43,9]]}
[]
[null,"PLAN D'ACTION 2013-2020 SUR LES CHANGEMENTS CLIMATIQUES"]
[null,{"$f":"\"Action \" & Accueil!D58","v":"Action terminée"}]
[null,{"$f":"Accueil!D55","v":"31.1.3"},{"$f":"Accueil!E55","v":"Renforcement de la coordination, suivi et reddition par le BGFV"}]
[null,"Ministère porteur :",{"$f":"Accueil!$D$65","v":"MELCC"}]
[null,"Détails et prévisions des dépenses par projet"]
[]
[]
[]
[]
[]
[]
[]
[]
[]
[]
[]
[]
[]
[null,null,"Informations en date du :","2019-09-30"]
[]
[null,"DÉTAILS DES PROJETS AUTORISÉS",null,null,null,null,null,null,null,null,null,null,null,null,"MONTANTS PROVENANT DU FONDS VERT ($)",null,null,null,null,null,null,null,null,null,null,{"$f":"MONTH(#REF!)","v":{"$error":"#REF!"}}]
["No","Nom du projet","Nom du requérant ou du bénéficiaire","Volet ou thématique","Catégorie","Nombre de projets","Région administrative","Municipalité","Statut","Classification du projet","Montant engagé ($)","Date de l'engagement","Date du dernier versement (prévu ou réalisé)","Budget total du projet ($)","2013-2014","2014-2015","2015-2016","2016-2017","2017-2018","2018-2019","2019-2020","2020-2021","2021-2022","2022-2023","2023-2024","MONTANT DES DÉPENSES RÉELLES ($)","TOTAL DES DÉPENSES RÉELLES ET PRÉVUES ($)"]
[null,null,null,null,null,null,null,null,null,null,"(convention signée, contrat, lettre de confirmation du ministre ou de son représentant ou lettre d'octroi)",null,null,null,"Réel","Réel","Réel","Réel","Réel","Réel","Prévu","Prévu","Prévu","Prévu","Prévu"]
[1,"Rémunération et dépenses de fonctionnement nécessaire pour la mise en place du CGFV","CGFV","S. O.","Autres",1,"99-toutes les régions","S. O.","TE-Terminé","PI-Projet à l'interne",null,"2017-04-01",null,null,null,null,null,null,229334,null,null,null,null,null,null,{"$f":"SUM(O25:T25)","v":229334},{"$f":"SUM(O25:Y25)","v":229334}]
[2,null,null,null,null,null,null,null,null,null,null,null,null,null,null,null,null,null,null,null,null,null,null,null,null,{"$f":"SUM(O26:T26)","v":0},{"$f":"SUM(O26:Y26)","v":0}]
[3,null,null,null,null,null,null,null,null,null,null,null,null,null,null,null,null,null,null,null,null,null,null,null,null,{"$f":"SUM(O27:T27)","v":0},{"$f":"SUM(O27:Y27)","v":0}]
[4,null,null,null,null,null,null,null,null,null,null,null,null,null,null,null,null,null,null,null,null,null,null,null,null,{"$f":"SUM(O28:T28)","v":0},{"$f":"SUM(O28:Y28)","v":0}]
[5,null,null,null,null,null,null,null,null,null,null,null,null,null,null,null,null,null,null,null,null,null,null,null,null,0,0]
[6,null,null,null,null,null,null,null,null,null,null,null,null,null,null,null,null,null,null,null,null,null,null,null,null,0,0]
[7,null,null,null,null,null,null,null,null,null,null,null,null,null,null,null,null,null,null,null,null,null,null,null,null,0,0]
[8,null,null,null,null,null,null,null,null,null,null,null,null,null,null,null,null,null,null,null,null,null,null,null,null,0,0]
[9,null,null,null,null,null,null,null,null,null,null,null,null,null,null,null,null,null,null,null,null,null,null,null,null,0,0]
[10,null,null,null,null,null,null,null,null,null,null,null,null,null,null,null,null,null,null,null,null,null,null,null,null,0,0]
[11,null,null,null,null,null,null,null,null,null,null,null,null,null,null,null,null,null,null,null,null,null,null,null,null,0,0]
[12,null,null,null,null,null,null,null,null,null,null,null,null,null,null,null,null,null,null,null,null,null,null,null,null,0,0]
[13,null,null,null,null,null,null,null,null,null,null,null,null,null,null,null,null,null,null,null,null,null,null,null,null,0,0]
[14,null,null,null,null,null,null,null,null,null,null,null,null,null,null,null,null,null,null,null,null,null,null,null,null,0,0]
[15,null,null,null,null,null,null,null,null,null,null,null,null,null,null,null,null,null,null,null,null,null,null,null,null,0,{"$f":"SUM(O39:Y39)","v":0}]
[16,null,null,null,null,null,null,null,null,null,null,null,null,null,null,null,null,null,null,null,null,null,null,null,null,{"$f":"SUM(O40:T40)","v":0},{"$f":"SUM(O40:Y40)","v":0}]
[17,null,null,null,null,null,null,null,null,null,null,null,null,null,null,null,null,null,null,null,null,null,null,null,null,{"$f":"SUM(O41:T41)","v":0},{"$f":"SUM(O41:Y41)","v":0}]
[18,null,null,null,null,null,null,null,null,null,null,null,null,null,null,null,null,null,null,null,null,null,null,null,null,{"$f":"SUM(O42:T42)","v":0},{"$f":"SUM(O42:Y42)","v":0}]
[null,null,null,null,null,null,null,null,null,null,null,null,null,null,null,null,null,null,null,null,null,null,null,null,null,0,{"$f":"SUM(O43:Y43)","v":0}]
[null,"TOTAL DES DÉPENSES DE PROJET ($)",null,null,null,null,null,null,null,null,{"$f":"SUM(K25:K43)","v":0},null,null,null,{"$f":"SUM(O25:O43)","v":0},0,0,0,229334,0,0,0,0,0,0,229334,229334]
[null,"TOTAL CONTRATS FONCTIONNEMENT ($)",null,null,null,null,null,null,null,null,{"$f":"SUMIF($J$25:$J37,\"CF-Contrat fonctionnement\",K25:K37)+SUMIF($J$25:$J37,\"CP-Contrat service professionnel\",K25:K37)+SUMIF($J$25:$J37,\"CT-Contrat service technique\",K25:K37)","v":0},null,null,null,{"$f":"SUMIF($J$25:$J37,\"CF-Contrat fonctionnement\",O25:O37)+SUMIF($J$25:$J37,\"CP-Contrat service professionnel\",O25:O37)+SUMIF($J$25:$J37,\"CT-Contrat service technique\",O25:O37)","v":0},{"$f":"SUMIF($J$25:$J37,\"CF-Contrat fonctionnement\",P25:P37)+SUMIF($J$25:$J37,\"CP-Contrat service professionnel\",P25:P37)+SUMIF($J$25:$J37,\"CT-Contrat service technique\",P25:P37)","v":0},{"$f":"SUMIF($J$25:$J37,\"CF-Contrat fonctionnement\",Q25:Q37)+SUMIF($J$25:$J37,\"CP-Contrat service professionnel\",Q25:Q37)+SUMIF($J$25:$J37,\"CT-Contrat service technique\",Q25:Q37)","v":0},{"$f":"SUMIF($J$25:$J37,\"CF-Contrat fonctionnement\",R25:R37)+SUMIF($J$25:$J37,\"CP-Contrat service professionnel\",R25:R37)+SUMIF($J$25:$J37,\"CT-Contrat service technique\",R25:R37)","v":0},{"$f":"SUMIF($J$25:$J37,\"CF-Contrat fonctionnement\",S25:S37)+SUMIF($J$25:$J37,\"CP-Contrat service professionnel\",S25:S37)+SUMIF($J$25:$J37,\"CT-Contrat service technique\",S25:S37)","v":0},{"$f":"SUMIF($J$25:$J37,\"CF-Contrat fonctionnement\",T25:T37)+SUMIF($J$25:$J37,\"CP-Contrat service professionnel\",T25:T37)+SUMIF($J$25:$J37,\"CT-Contrat service technique\",T25:T37)","v":0},{"$f":"SUMIF($J$25:$J37,\"CF-Contrat fonctionnement\",U25:U37)+SUMIF($J$25:$J37,\"CP-Contrat service professionnel\",U25:U37)+SUMIF($J$25:$J37,\"CT-Contrat service technique\",U25:U37)","v":0},{"$f":"SUMIF($J$25:$J37,\"CF-Contrat fonctionnement\",V25:V37)+SUMIF($J$25:$J37,\"CP-Contrat service professionnel\",V25:V37)+SUMIF($J$25:$J37,\"CT-Contrat service technique\",V25:V37)","v":0},{"$f":"SUMIF($J$25:$J37,\"CF-Contrat fonctionnement\",W25:W37)+SUMIF($J$25:$J37,\"CP-Contrat service professionnel\",W25:W37)+SUMIF($J$25:$J37,\"CT-Contrat service technique\",W25:W37)","v":0},{"$f":"SUMIF($J$25:$J37,\"CF-Contrat fonctionnement\",X25:X37)+SUMIF($J$25:$J37,\"CP-Contrat service professionnel\",X25:X37)+SUMIF($J$25:$J37,\"CT-Contrat service technique\",X25:X37)","v":0},{"$f":"SUMIF($J$25:$J37,\"CF-Contrat fonctionnement\",Y25:Y37)+SUMIF($J$25:$J37,\"CP-Contrat service professionnel\",Y25:Y37)+SUMIF($J$25:$J37,\"CT-Contrat service technique\",Y25:Y37)","v":0},{"$f":"SUMIF($J$25:$J37,\"CF-Contrat fonctionnement\",Z25:Z37)+SUMIF($J$25:$J37,\"CP-Contrat service professionnel\",Z25:Z37)+SUMIF($J$25:$J37,\"CT-Contrat service technique\",Z25:Z37)","v":0},{"$f":"SUMIF($J$25:$J37,\"CF-Contrat fonctionnement\",AA25:AA37)+SUMIF($J$25:$J37,\"CP-Contrat service professionnel\",AA25:AA37)+SUMIF($J$25:$J37,\"CT-Contrat service technique\",AA25:AA37)","v":0}]
[null,"TOTAL CONTRATS IMMOBILISATION ($)",null,null,null,null,null,null,null,null,{"$f":"SUMIF(J25:J37,\"CI-Contrat immobilisation\",K25:K37)","v":0},null,null,null,{"$f":"SUMIF($J$25:$J37,\"CI-Contrat immobilisation\",O25:O37)","v":0},{"$f":"SUMIF($J$25:$J37,\"CI-Contrat immobilisation\",P25:P37)","v":0},{"$f":"SUMIF($J$25:$J37,\"CI-Contrat immobilisation\",Q25:Q37)","v":0},{"$f":"SUMIF($J$25:$J37,\"CI-Contrat immobilisation\",R25:R37)","v":0},{"$f":"SUMIF($J$25:$J37,\"CI-Contrat immobilisation\",S25:S37)","v":0},{"$f":"SUMIF($J$25:$J37,\"CI-Contrat immobilisation\",T25:T37)","v":0},{"$f":"SUMIF($J$25:$J37,\"CI-Contrat immobilisation\",U25:U37)","v":0},{"$f":"SUMIF($J$25:$J37,\"CI-Contrat immobilisation\",V25:V37)","v":0},{"$f":"SUMIF($J$25:$J37,\"CI-Contrat immobilisation\",W25:W37)","v":0},{"$f":"SUMIF($J$25:$J37,\"CI-Contrat immobilisation\",X25:X37)","v":0},{"$f":"SUMIF($J$25:$J37,\"CI-Contrat immobilisation\",Y25:Y37)","v":0},{"$f":"SUMIF($J$25:$J37,\"CI-Contrat immobilisation\",Z25:Z37)","v":0},{"$f":"SUMIF($J$25:$J37,\"CI-Contrat immobilisation\",AA25:AA37)","v":0}]
[null,"TOTAL DES SUBVENTIONS ($)",null,null,null,null,null,null,null,null,{"$f":"SUMIF(J25:J37,\"SU-Subvention\",K25:K37)","v":0},null,null,null,{"$f":"SUMIF($J$25:$J46,\"SU-Subvention\",O25:O27)","v":0},{"$f":"SUMIF($J$25:$J46,\"SU-Subvention\",P25:P27)","v":0},{"$f":"SUMIF($J$25:$J46,\"SU-Subvention\",Q25:Q27)","v":0},{"$f":"SUMIF($J$25:$J46,\"SU-Subvention\",R25:R27)","v":0},{"$f":"SUMIF($J$25:$J46,\"SU-Subvention\",S25:S27)","v":0},{"$f":"SUMIF($J$25:$J46,\"SU-Subvention\",T25:T27)","v":0},{"$f":"SUMIF($J$25:$J46,\"SU-Subvention\",U25:U27)","v":0},{"$f":"SUMIF($J$25:$J46,\"SU-Subvention\",V25:V27)","v":0},{"$f":"SUMIF($J$25:$J46,\"SU-Subvention\",W25:W27)","v":0},{"$f":"SUMIF($J$25:$J46,\"SU-Subvention\",X25:X27)","v":0},{"$f":"SUMIF($J$25:$J46,\"SU-Subvention\",Y25:Y27)","v":0},{"$f":"SUMIF($J$25:$J46,\"SU-Subvention\",Z25:Z27)","v":0},{"$f":"SUMIF($J$25:$J46,\"SU-Subvention\",AA25:AA27)","v":0}]

{"sheet":"GES","index":5,"n_rows":44,"n_cols":27,"rows_kept":44,"cut":false,"hidden":true,"merged":[[43,1,43,4],[19,8,19,13],[19,1,19,5],[5,1,5,6],[22,1,23,1],[22,2,23,2],[22,3,23,3],[1,8,5,15],[1,1,1,4],[2,1,2,2],[3,2,3,6],[22,4,23,4],[19,14,19,15],[21,5,21,6],[4,2,4,6],[22,6,23,6],[21,7,21,25],[22,20,22,21],[22,22,22,23],[22,24,22,25],[22,7,23,7],[22,8,23,8],[22,10,22,11],[22,12,22,13],[22,14,22,15],[22,16,22,17],[22,18,22,19]]}
[]
[null,{"$f":"Utilitaire!E8","v":"PLAN D'ACTION 2013-2020 SUR LES CHANGEMENTS CLIMATIQUES"}]
[null,{"$f":"\"Action \" & Accueil!D58","v":"Action terminée"}]
[null,{"$f":"Accueil!D55","v":"31.1.3"},{"$f":"Accueil!E55","v":"Renforcement de la coordination, suivi et reddition par le BGFV"}]
[null,"Ministère porteur :",{"$f":"Accueil!$D$65","v":"MELCC"}]
[null,"GES"]
[]
[]
[]
[]
[]
[]
[]
[]
[]
[]
[]
[]
[]
[null,"Potentiel de réduction des GES évalué lors de la sélection des projets de cette action : ",null,null,null,null,"Non",null,"Réductions réelles quantifiables des émissions de GES attendues pour cette action :   ",null,null,null,null,null,"Non"]
[]
[null,"Informations en date du :","2019-09-30",null,null,"ÉVALUATION DU POTENTIEL DE RÉDUCTION ET D'ÉVITEMENT D'ÉMISSIONS DE GES À TERME.",null,"DÉTAIL DES ÉMISSIONS DE GES RÉDUITES OU ÉVITÉES  (en tonnes CO2 éq.)"]
[null,"Nom du projet","Nom du réquérant ou du bénéficiaire","Région administrative","Montant engagé ($)","Potentiel de réduction des GES sur une base annuelle","Horizon temporel pour la réalisation du potentiel","Type d'émission","Émissions rapportées dans l'inventaire","Durée du projet","Émissions",null,"Vérifiées",null,"2013-2014",null,"2014-2015",null,"2015-2016",null,"2016-2017",null,"2017-2018",null,"2018-2019",null,"Coût/tonne estimé"]
[null,null,null,null,null,"(en tonnes CO2 éq.)",null,null,null,"(années)","Réduites","Évitées","Tierce partie","M/O","Vérifié","Non vérifié","Vérifié","Non vérifié","Vérifié","Non vérifié","Vérifié","Non vérifié","Vérifié","Non vérifié","Vérifié","Non vérifié","$\n------------ \ntonne CO2 éq."]
[null,{"$f":"IF(LEN('Détail des projets'!B25)=0,\"\",'Détail des projets'!B25)","v":"Rémunération et dépenses de fonctionnement nécessaire pour la mise en place du CGFV"},{"$f":"IF(LEN('Détail des projets'!C25)=0,\"\",'Détail des projets'!C25)","v":"CGFV"},{"$f":"IF(LEN('Détail des projets'!G25)=0,\"\",'Détail des projets'!G25)","v":"99-toutes les régions"},{"$f":"IF(LEN('Détail des projets'!K25)=0,\"\",'Détail des projets'!K25)","v":""},null,null,null,null,null,null,null,null,null,null,null,null,null,null,null,null,null,null,null,null,null,{"$f":"IF(SUM(Y25:Z25)=0,\"-\",'Détail des projets'!K25/(SUM(Y25:Z25)*J25))","v":"-"}]
[null,{"$f":"IF(LEN('Détail des projets'!B26)=0,\"\",'Détail des projets'!B26)","v":""},{"$f":"IF(LEN('Détail des projets'!C26)=0,\"\",'Détail des projets'!C26)","v":""},{"$f":"IF(LEN('Détail des projets'!G26)=0,\"\",'Détail des projets'!G26)","v":""},{"$f":"IF(LEN('Détail des projets'!K26)=0,\"\",'Détail des projets'!K26)","v":""}]
[null,{"$f":"IF(LEN('Détail des projets'!B27)=0,\"\",'Détail des projets'!B27)","v":""},{"$f":"IF(LEN('Détail des projets'!C27)=0,\"\",'Détail des projets'!C27)","v":""},{"$f":"IF(LEN('Détail des projets'!G27)=0,\"\",'Détail des projets'!G27)","v":""},{"$f":"IF(LEN('Détail des projets'!K27)=0,\"\",'Détail des projets'!K27)","v":""}]
[null,{"$f":"IF(LEN('Détail des projets'!B28)=0,\"\",'Détail des projets'!B28)","v":""},{"$f":"IF(LEN('Détail des projets'!C28)=0,\"\",'Détail des projets'!C28)","v":""},{"$f":"IF(LEN('Détail des projets'!G28)=0,\"\",'Détail des projets'!G28)","v":""},{"$f":"IF(LEN('Détail des projets'!K28)=0,\"\",'Détail des projets'!K28)","v":""}]
[null,{"$f":"IF(LEN('Détail des projets'!B29)=0,\"\",'Détail des projets'!B29)","v":""},{"$f":"IF(LEN('Détail des projets'!C29)=0,\"\",'Détail des projets'!C29)","v":""},{"$f":"IF(LEN('Détail des projets'!G29)=0,\"\",'Détail des projets'!G29)","v":""},{"$f":"IF(LEN('Détail des projets'!K29)=0,\"\",'Détail des projets'!K29)","v":""}]
[null,{"$f":"IF(LEN('Détail des projets'!B30)=0,\"\",'Détail des projets'!B30)","v":""},{"$f":"IF(LEN('Détail des projets'!C30)=0,\"\",'Détail des projets'!C30)","v":""},{"$f":"IF(LEN('Détail des projets'!G30)=0,\"\",'Détail des projets'!G30)","v":""},{"$f":"IF(LEN('Détail des projets'!K30)=0,\"\",'Détail des projets'!K30)","v":""}]
[null,{"$f":"IF(LEN('Détail des projets'!B31)=0,\"\",'Détail des projets'!B31)","v":""},{"$f":"IF(LEN('Détail des projets'!C31)=0,\"\",'Détail des projets'!C31)","v":""},{"$f":"IF(LEN('Détail des projets'!G31)=0,\"\",'Détail des projets'!G31)","v":""},{"$f":"IF(LEN('Détail des projets'!K31)=0,\"\",'Détail des projets'!K31)","v":""}]
[null,{"$f":"IF(LEN('Détail des projets'!B32)=0,\"\",'Détail des projets'!B32)","v":""},{"$f":"IF(LEN('Détail des projets'!C32)=0,\"\",'Détail des projets'!C32)","v":""},{"$f":"IF(LEN('Détail des projets'!G32)=0,\"\",'Détail des projets'!G32)","v":""},{"$f":"IF(LEN('Détail des projets'!K32)=0,\"\",'Détail des projets'!K32)","v":""}]
[null,{"$f":"IF(LEN('Détail des projets'!B33)=0,\"\",'Détail des projets'!B33)","v":""},{"$f":"IF(LEN('Détail des projets'!C33)=0,\"\",'Détail des projets'!C33)","v":""},{"$f":"IF(LEN('Détail des projets'!G33)=0,\"\",'Détail des projets'!G33)","v":""},{"$f":"IF(LEN('Détail des projets'!K33)=0,\"\",'Détail des projets'!K33)","v":""}]
[null,{"$f":"IF(LEN('Détail des projets'!B34)=0,\"\",'Détail des projets'!B34)","v":""},{"$f":"IF(LEN('Détail des projets'!C34)=0,\"\",'Détail des projets'!C34)","v":""},{"$f":"IF(LEN('Détail des projets'!G34)=0,\"\",'Détail des projets'!G34)","v":""},{"$f":"IF(LEN('Détail des projets'!K34)=0,\"\",'Détail des projets'!K34)","v":""}]
[null,{"$f":"IF(LEN('Détail des projets'!B35)=0,\"\",'Détail des projets'!B35)","v":""},{"$f":"IF(LEN('Détail des projets'!C35)=0,\"\",'Détail des projets'!C35)","v":""},{"$f":"IF(LEN('Détail des projets'!G35)=0,\"\",'Détail des projets'!G35)","v":""},{"$f":"IF(LEN('Détail des projets'!K35)=0,\"\",'Détail des projets'!K35)","v":""}]
[null,{"$f":"IF(LEN('Détail des projets'!B36)=0,\"\",'Détail des projets'!B36)","v":""},{"$f":"IF(LEN('Détail des projets'!C36)=0,\"\",'Détail des projets'!C36)","v":""},{"$f":"IF(LEN('Détail des projets'!G36)=0,\"\",'Détail des projets'!G36)","v":""},{"$f":"IF(LEN('Détail des projets'!K36)=0,\"\",'Détail des projets'!K36)","v":""}]
[null,{"$f":"IF(LEN('Détail des projets'!B37)=0,\"\",'Détail des projets'!B37)","v":""},{"$f":"IF(LEN('Détail des projets'!C37)=0,\"\",'Détail des projets'!C37)","v":""},{"$f":"IF(LEN('Détail des projets'!G37)=0,\"\",'Détail des projets'!G37)","v":""},{"$f":"IF(LEN('Détail des projets'!K37)=0,\"\",'Détail des projets'!K37)","v":""}]
[null,{"$f":"IF(LEN('Détail des projets'!B38)=0,\"\",'Détail des projets'!B38)","v":""},{"$f":"IF(LEN('Détail des projets'!C38)=0,\"\",'Détail des projets'!C38)","v":""},{"$f":"IF(LEN('Détail des projets'!G38)=0,\"\",'Détail des projets'!G38)","v":""},{"$f":"IF(LEN('Détail des projets'!K38)=0,\"\",'Détail des projets'!K38)","v":""}]
[null,{"$f":"IF(LEN('Détail des projets'!B39)=0,\"\",'Détail des projets'!B39)","v":""},{"$f":"IF(LEN('Détail des projets'!C39)=0,\"\",'Détail des projets'!C39)","v":""},{"$f":"IF(LEN('Détail des projets'!G39)=0,\"\",'Détail des projets'!G39)","v":""},{"$f":"IF(LEN('Détail des projets'!K39)=0,\"\",'Détail des projets'!K39)","v":""}]
[null,{"$f":"IF(LEN('Détail des projets'!B40)=0,\"\",'Détail des projets'!B40)","v":""},{"$f":"IF(LEN('Détail des projets'!C40)=0,\"\",'Détail des projets'!C40)","v":""},{"$f":"IF(LEN('Détail des projets'!G40)=0,\"\",'Détail des projets'!G40)","v":""},{"$f":"IF(LEN('Détail des projets'!K40)=0,\"\",'Détail des projets'!K40)","v":""}]
[null,{"$f":"IF(LEN('Détail des projets'!B41)=0,\"\",'Détail des projets'!B41)","v":""},{"$f":"IF(LEN('Détail des projets'!C41)=0,\"\",'Détail des projets'!C41)","v":""},{"$f":"IF(LEN('Détail des projets'!G41)=0,\"\",'Détail des projets'!G41)","v":""},{"$f":"IF(LEN('Détail des projets'!K41)=0,\"\",'Détail des projets'!K41)","v":""}]
[null,{"$f":"IF(LEN('Détail des projets'!B42)=0,\"\",'Détail des projets'!B42)","v":""},{"$f":"IF(LEN('Détail des projets'!C42)=0,\"\",'Détail des projets'!C42)","v":""},{"$f":"IF(LEN('Détail des projets'!G42)=0,\"\",'Détail des projets'!G42)","v":""},{"$f":"IF(LEN('Détail des projets'!K42)=0,\"\",'Détail des projets'!K42)","v":""}]
[null,{"$f":"IF(LEN('Détail des projets'!B43)=0,\"\",'Détail des projets'!B43)","v":""},{"$f":"IF(LEN('Détail des projets'!C43)=0,\"\",'Détail des projets'!C43)","v":""},{"$f":"IF(LEN('Détail des projets'!G43)=0,\"\",'Détail des projets'!G43)","v":""},{"$f":"IF(LEN('Détail des projets'!K43)=0,\"\",'Détail des projets'!K43)","v":""}]
[null,"TOTAL (tonnes CO2 éq.)",null,null,null,{"$f":"SUM(F25:F43)","v":0},null,null,null,null,null,null,null,null,{"$f":"SUM(O25:O43)","v":0},0,0,0,0,0,0,0,0,0,0,0]

{"sheet":"Indicateurs","index":6,"n_rows":45,"n_cols":42,"rows_kept":45,"cut":false,"hidden":true,"merged":[[22,18,23,18],[21,1,21,5],[22,17,23,17],[22,3,23,3],[22,4,23,4],[22,1,23,1],[22,2,23,2],[22,5,23,5],[1,7,5,19],[1,1,1,4],[2,1,2,3],[5,1,5,5],[3,2,3,5],[4,2,4,5]]}
[]
[null,"PLAN D'ACTION 2013-2020 SUR LES CHANGEMENTS CLIMATIQUES"]
[null,{"$f":"\"Action \" & Accueil!D58","v":"Action terminée"}]
[null,{"$f":"Accueil!D55","v":"31.1.3"},{"$f":"Accueil!E55","v":"Renforcement de la coordination, suivi et reddition par le BGFV"}]
[null,"Ministère porteur:",{"$f":"Accueil!$D$65","v":"MELCC"}]
[null,"Indicateurs"]
[]
[]
[]
[]
[]
[]
[]
[]
[]
[]
[]
[]
[null,"Informations en date du :","2019-09-30"]
[]
[]
[null,"INDICATEURS DE PERFORMANCE",null,null,null,null,null,{"$f":"IF(OR(AND(MONTH(#REF!)>6,YEAR(#REF!)=VALUE(MID(G23,1,4))),YEAR(#REF!)>VALUE(MID(G23,1,4))),\"Réel\",\"Prévu\")","v":{"$error":"#REF!"}},{"$f":"IF(OR(AND(MONTH(#REF!)>6,YEAR(#REF!)=VALUE(MID(H23,1,4))),YEAR(#REF!)>VALUE(MID(H23,1,4))),\"Réel\",\"Prévu\")","v":{"$error":"#REF!"}},{"$f":"IF(OR(AND(MONTH(#REF!)>6,YEAR(#REF!)=VALUE(MID(I23,1,4))),YEAR(#REF!)>VALUE(MID(I23,1,4))),\"Réel\",\"Prévu\")","v":{"$error":"#REF!"}},{"$f":"IF(OR(AND(MONTH(#REF!)>6,YEAR(#REF!)=VALUE(MID(J23,1,4))),YEAR(#REF!)>VALUE(MID(J23,1,4))),\"Réel\",\"Prévu\")","v":{"$error":"#REF!"}},{"$f":"IF(OR(AND(MONTH(#REF!)>6,YEAR(#REF!)=VALUE(MID(K23,1,4))),YEAR(#REF!)>VALUE(MID(K23,1,4))),\"Réel\",\"Prévu\")","v":{"$error":"#REF!"}},{"$f":"IF(OR(AND(MONTH(#REF!)>6,YEAR(#REF!)=VALUE(MID(L23,1,4))),YEAR(#REF!)>VALUE(MID(L23,1,4))),\"Réel\",\"Prévu\")","v":{"$error":"#REF!"}},{"$f":"IF(OR(AND(MONTH(#REF!)>6,YEAR(#REF!)=VALUE(MID(M23,1,4))),YEAR(#REF!)>VALUE(MID(M23,1,4))),\"Réel\",\"Prévu\")","v":{"$error":"#REF!"}},{"$f":"IF(OR(AND(MONTH(#REF!)>6,YEAR(#REF!)=VALUE(MID(N23,1,4))),YEAR(#REF!)>VALUE(MID(N23,1,4))),\"Réel\",\"Prévu\")","v":{"$error":"#REF!"}},{"$f":"IF(OR(AND(MONTH(#REF!)>6,YEAR(#REF!)=VALUE(MID(O23,1,4))),YEAR(#REF!)>VALUE(MID(O23,1,4))),\"Réel\",\"Prévu\")","v":{"$error":"#REF!"}},{"$f":"IF(OR(AND(MONTH(#REF!)>6,YEAR(#REF!)=VALUE(MID(P23,1,4))),YEAR(#REF!)>VALUE(MID(P23,1,4))),\"Réel\",\"Prévu\")","v":{"$error":"#REF!"}},{"$f":"IF(OR(AND(MONTH(#REF!)>6,YEAR(#REF!)=VALUE(MID(Q23,1,4))),YEAR(#REF!)>VALUE(MID(Q23,1,4))),\"Réel\",\"Prévu\")","v":{"$error":"#REF!"}},{"$f":"MONTH(#REF!)","v":{"$error":"#REF!"}}]
[null,"Cible","Unité de mesure","Année prévue d'atteinte de la cible","Description de l'indicateur","Type d'indicateur","2013-2014","2014-2015","2015-2016","2016-2017","2017-2018","2018-2019","2019-2020","2020-2021","2021-2022","2022-2023","2023-2024","RÉSULTAT À COMPARER AVEC LA CIBLE","Pourcentage d'atteinte de la cible","Commentaires sur les résultats"]
[null,null,null,null,null,null,"Réel","Réel","Réel","Réel","Réel","Réel","Réel","Prévu","Prévu","Prévu","Prévu",null,null,"(facultatif)"]
[1,null,null,null,null,null,null,null,null,null,null,null,null,null,null,null,null,null,{"$f":"IF(COUNTA(cible_1)=1,IF(COUNTA(_11_1_total)=1,IF(type_indic_1=\"Minimum à atteindre\",_11_1_total/cible_1,IF(type_indic_1=\"Maximum à ne pas dépasser\",(cible_1-_11_1_total)/cible_1+1,IF(type_indic_1=\"Binaire\",IF(cible_1=_11_1_total,1,0),\"\"))),0),\"\")","v":""}]
[2,null,null,null,null,null,null,null,null,null,null,null,null,null,null,null,null,null,{"$f":"IF(COUNTA(cible_2)=1,IF(COUNTA(_11_2_total)=1,IF(type_indic_2=\"Minimum à atteindre\",_11_2_total/cible_2,IF(type_indic_2=\"Maximum à ne pas dépasser\",(cible_2-_11_2_total)/cible_2+1,IF(type_indic_2=\"Binaire\",IF(cible_2=_11_2_total,1,0),\"\"))),0),\"\")","v":""}]
[3,null,null,null,null,null,null,null,null,null,null,null,null,null,null,null,null,null,{"$f":"IF(COUNTA(cible_3)=1,IF(COUNTA(_11_3_total)=1,IF(type_indic_3=\"Minimum à atteindre\",_11_3_total/cible_3,IF(type_indic_3=\"Maximum à ne pas dépasser\",(cible_3-_11_3_total)/cible_3+1,IF(type_indic_3=\"Binaire\",IF(cible_3=_11_3_total,1,0),\"\"))),0),\"\")","v":""}]
[4,null,null,null,null,null,null,null,null,null,null,null,null,null,null,null,null,null,{"$f":"IF(COUNTA(cible_4)=1,IF(COUNTA(_11_4_total)=1,IF(type_indic_4=\"Minimum à atteindre\",_11_4_total/cible_4,IF(type_indic_4=\"Maximum à ne pas dépasser\",(cible_4-_11_4_total)/cible_4+1,IF(type_indic_4=\"Binaire\",IF(cible_4=_11_4_total,1,0),\"\"))),0),\"\")","v":""}]
[5,null,null,null,null,null,null,null,null,null,null,null,null,null,null,null,null,null,{"$f":"IF(COUNTA(cible_5)=1,IF(COUNTA(_11_5_total)=1,IF(type_indic_5=\"Minimum à atteindre\",_11_5_total/cible_5,IF(type_indic_5=\"Maximum à ne pas dépasser\",(cible_5-_11_5_total)/cible_5+1,IF(type_indic_5=\"Binaire\",IF(cible_5=_11_5_total,1,0),\"\"))),0),\"\")","v":""}]
[6,null,null,null,null,null,null,null,null,null,null,null,null,null,null,null,null,null,{"$f":"IF(COUNTA(cible_6)=1,IF(COUNTA(_11_6_total)=1,IF(type_indic_6=\"Minimum à atteindre\",_11_6_total/cible_6,IF(type_indic_6=\"Maximum à ne pas dépasser\",(cible_6-_11_6_total)/cible_6+1,IF(type_indic_6=\"Binaire\",IF(cible_6=_11_6_total,1,0),\"\"))),0),\"\")","v":""}]
[7,null,null,null,null,null,null,null,null,null,null,null,null,null,null,null,null,null,{"$f":"IF(COUNTA(cible_7)=1,IF(COUNTA(_11_7_total)=1,IF(type_indic_7=\"Minimum à atteindre\",_11_7_total/cible_7,IF(type_indic_7=\"Maximum à ne pas dépasser\",(cible_7-_11_7_total)/cible_7+1,IF(type_indic_7=\"Binaire\",IF(cible_7=_11_7_total,1,0),\"\"))),0),\"\")","v":""}]
[8,null,null,null,null,null,null,null,null,null,null,null,null,null,null,null,null,null,{"$f":"IF(COUNTA(cible_8)=1,IF(COUNTA(_11_8_total)=1,IF(type_indic_8=\"Minimum à atteindre\",_11_8_total/cible_8,IF(type_indic_8=\"Maximum à ne pas dépasser\",(cible_8-_11_8_total)/cible_8+1,IF(type_indic_8=\"Binaire\",IF(cible_8=_11_8_total,1,0),\"\"))),0),\"\")","v":""}]
[9,null,null,null,null,null,null,null,null,null,null,null,null,null,null,null,null,null,{"$f":"IF(COUNTA(cible_9)=1,IF(COUNTA(_11_9_total)=1,IF(type_indic_9=\"Minimum à atteindre\",_11_9_total/cible_9,IF(type_indic_9=\"Maximum à ne pas dépasser\",(cible_9-_11_9_total)/cible_9+1,IF(type_indic_9=\"Binaire\",IF(cible_9=_11_9_total,1,0),\"\"))),0),\"\")","v":""}]
[10,null,null,null,null,null,null,null,null,null,null,null,null,null,null,null,null,null,{"$f":"IF(COUNTA(cible_10)=1,IF(COUNTA(_11_10_total)=1,IF(type_indic_10=\"Minimum à atteindre\",_11_10_total/cible_10,IF(type_indic_10=\"Maximum à ne pas dépasser\",(cible_10-_11_10_total)/cible_10+1,IF(type_indic_10=\"Binaire\",IF(cible_10=_11_10_total,1,0),\"\"))),0),\"\")","v":""}]
[11,null,null,null,null,null,null,null,null,null,null,null,null,null,null,null,null,null,{"$f":"IF(COUNTA(cible_11)=1,IF(COUNTA(_11_11_total)=1,IF(type_indic_11=\"Minimum à atteindre\",_11_11_total/cible_11,IF(type_indic_11=\"Maximum à ne pas dépasser\",(cible_11-_11_11_total)/cible_11+1,IF(type_indic_11=\"Binaire\",IF(cible_11=_11_11_total,1,0),\"\"))),0),\"\")","v":""}]
[12,null,null,null,null,null,null,null,null,null,null,null,null,null,null,null,null,null,{"$f":"IF(COUNTA(cible_12)=1,IF(COUNTA(_11_12_total)=1,IF(type_indic_12=\"Minimum à atteindre\",_11_12_total/cible_12,IF(type_indic_12=\"Maximum à ne pas dépasser\",(cible_12-_11_12_total)/cible_12+1,IF(type_indic_12=\"Binaire\",IF(cible_12=_11_12_total,1,0),\"\"))),0),\"\")","v":""}]
[13,null,null,null,null,null,null,null,null,null,null,null,null,null,null,null,null,null,{"$f":"IF(COUNTA(B37)=1,IF(COUNTA(R37)=1,IF(F37=\"Minimum à atteindre\",R37/B37,IF(F37=\"Maximum à ne pas dépasser\",(B37-R37)/B37+1,IF(F37=\"Binaire\",IF(B37=R37,1,0),\"\"))),0),\"\")","v":""}]
[14,null,null,null,null,null,null,null,null,null,null,null,null,null,null,null,null,null,""]
[15,null,null,null,null,null,null,null,null,null,null,null,null,null,null,null,null,null,""]
[16,null,null,null,null,null,null,null,null,null,null,null,null,null,null,null,null,null,""]
[17,null,null,null,null,null,null,null,null,null,null,null,null,null,null,null,null,null,""]
[18,null,null,null,null,null,null,null,null,null,null,null,null,null,null,null,null,null,""]
[19,null,null,null,null,null,null,null,null,null,null,null,null,null,null,null,null,null,""]
[20,null,null,null,null,null,null,null,null,null,null,null,null,null,null,null,null,null,""]
["tot",null,null,null,null,null,null,null,null,null,null,null,null,null,null,null,null,null,"",null,null,null,null,null,null,null,null,null,null,null,null,null,null,null,null,null,null,null,null,null,null,false]

{"sheet":"Commentaires","index":7,"n_rows":33,"n_cols":20,"rows_kept":33,"cut":false,"hidden":false,"merged":[[26,14,26,15],[26,16,26,17],[27,16,27,17],[24,16,24,17],[24,14,24,15],[23,14,23,15],[25,14,25,15],[1,7,5,17],[23,16,23,17],[23,1,23,11],[23,12,23,13],[25,16,25,17],[24,1,24,11],[1,1,1,3],[3,2,3,5],[5,1,5,5],[25,1,25,11],[2,1,2,2],[4,2,4,5],[31,12,31,13],[32,12,32,13],[27,14,27,15],[29,1,29,11],[27,1,27,11],[34,16,34,17],[29,14,29,15],[29,16,29,17],[28,16,28,17],[31,16,31,17],[32,16,32,17],[31,14,31,15],[32,14,32,15],[30,14,30,15],[30,16,30,17],[33,14,33,15],[33,16,33,17],[28,14,28,15],[34,14,34,15],[34,1,34,11],[24,12,24,13],[25,12,25,13],[26,12,26,13],[27,12,27,13],[29,12,29,13],[34,12,34,13],[31,1,31,11],[32,1,32,11],[30,1,30,11],[30,12,30,13],[26,1,26,11],[28,12,28,13],[28,1,28,11],[33,12,33,13],[33,1,33,11]]}
[]
[null,{"$f":"Utilitaire!E8","v":"PLAN D'ACTION 2013-2020 SUR LES CHANGEMENTS CLIMATIQUES"},null,null,null,null,null,null,null,null,null,null,null,null,null,null,null,null,null,"COF"]
[null,{"$f":"\"Action \" & Accueil!D58","v":"Action terminée"},null,null,null,null,null,null,null,null,null,null,null,null,null,null,null,null,null,"Frais"]
[null,{"$f":"Accueil!D55","v":"31.1.3"},{"$f":"Accueil!E55","v":"Renforcement de la coordination, suivi et reddition par le BGFV"},null,null,null,null,null,null,null,null,null,null,null,null,null,null,null,null,"ETC"]
[null,"Ministère porteur:",{"$f":"Accueil!$D$65","v":"MELCC"},null,null,null,null,null,null,null,null,null,null,null,null,null,null,null,null,"Détail des projets"]
[null,"Commentaires",null,null,null,null,null,null,null,null,null,null,null,null,null,null,null,null,null,"Détail des projets (GES)"]
[null,null,null,null,null,null,null,null,null,null,null,null,null,null,null,null,null,null,null,"Bilan GES"]
[null,null,null,null,null,null,null,null,null,null,null,null,null,null,null,null,null,null,null,"Indicateurs"]
[null,null,null,null,null,null,null,null,null,null,null,null,null,null,null,null,null,null,null,"Toutes-Autre"]
[]
[]
[null,null,null,null,null,null,null,null,null,null,null,null,null,null,null,null,null,null,null,"2013-2014"]
[null,null,null,null,null,null,null,null,null,null,null,null,null,null,null,null,null,null,null,"2014-2015"]
[null,null,null,null,null,null,null,null,null,null,null,null,null,null,null,null,null,null,null,"2015-2016"]
[null,null,null,null,null,null,null,null,null,null,null,null,null,null,null,null,null,null,null,"2016-2017"]
[null,null,null,null,null,null,null,null,null,null,null,null,null,null,null,null,null,null,null,"2017-2018"]
[null,null,null,null,null,null,null,null,null,null,null,null,null,null,null,null,null,null,null,"2018-2019"]
[null,null,null,null,null,null,null,null,null,null,null,null,null,null,null,null,null,null,null,"2019-2020"]
[null,null,null,null,null,null,null,null,null,null,null,null,null,null,null,null,null,null,null,"2020-2021"]
[null,null,null,null,null,null,null,null,null,null,null,null,null,null,null,null,null,null,null,"2021-2022"]
[null,null,null,null,null,null,null,null,null,null,null,null,null,null,null,null,null,null,null,"2022-2023"]
[null,null,null,null,null,null,null,null,null,null,null,null,null,null,null,null,null,null,null,"2023-2024"]
[]
[null,"Commentaires",null,null,null,null,null,null,null,null,null,null,"Section concernée",null,"Année",null,"Exercice"]
[null,"Cette sous-action s'est terminée par la mise en place complète du CGFV lequel impute ses propres dépenses de fonctionnemente dans une action distinte (voir action 31.3) afin qu'il puisse faire sa reddition de comptes."]
[]
[]
[]
[]
[]
[]
[null,null,null,null,null,null,null,null,null,null,null,null,null,null,null,null,null,null,null,"juin"]
[null,null,null,null,null,null,null,null,null,null,null,null,null,null,null,null,null,null,null,"décembre"]

{"sheet":"Évaluation","index":8,"n_rows":0,"n_cols":0,"rows_kept":0,"cut":false,"hidden":true,"merged":[[217,3,217,13],[37,12,37,14],[37,1,37,11],[218,2,218,13],[220,2,220,13],[216,2,216,13],[145,1,145,14],[51,10,51,11],[50,1,50,2],[50,3,50,4],[50,5,50,7],[46,1,46,2],[46,3,46,4],[46,5,46,7],[46,8,46,9],[46,10,46,11],[47,1,47,2],[47,3,47,4],[47,5,47,7],[47,8,47,9],[47,10,47,11],[43,5,43,7],[43,8,43,9],[43,10,43,11],[2,1,2,3],[3,2,3,5],[4,2,4,5],[5,1,5,5],[1,7,5,14],[1,1,1,4],[139,1,139,2],[139,3,139,4],[48,1,48,2],[48,3,48,4],[48,5,48,7],[48,8,48,9],[48,10,48,11],[137,1,137,2],[137,3,137,4],[137,5,137,7],[49,3,49,4],[49,5,49,7],[49,8,49,9],[49,10,49,11],[51,1,51,2],[51,3,51,4],[51,5,51,7],[51,8,51,9],[44,1,44,2],[44,3,44,4],[44,5,44,7],[44,8,44,9],[44,10,44,11],[45,1,45,2],[45,3,45,4],[45,5,45,7],[45,8,45,9],[45,10,45,11],[219,2,219,13],[221,2,221,13],[39,1,39,14],[40,1,40,2],[40,3,40,4],[40,5,40,7],[40,8,40,9],[40,10,40,11],[40,13,40,14],[41,1,41,2],[41,3,41,4],[41,5,41,7],[41,8,41,9],[41,10,41,11],[42,1,42,2],[42,3,42,4],[42,5,42,7],[42,8,42,9],[42,10,42,11],[43,1,43,2],[43,3,43,4],[49,1,49,2],[209,2,209,13],[139,5,139,7],[139,8,139,9],[139,10,139,11],[138,1,138,2],[138,3,138,4],[138,5,138,7],[138,8,138,9],[138,10,138,11],[203,1,203,14],[208,9,208,11],[208,3,208,5],[140,1,140,2],[140,3,140,4],[140,5,140,7],[140,8,140,9],[140,10,140,11],[144,1,144,2],[144,3,144,4],[144,5,144,7],[144,8,144,9],[144,10,144,11],[143,1,143,2],[50,8,50,9],[50,10,50,11],[53,1,53,2],[53,3,53,4],[53,5,53,7],[53,8,53,9],[53,10,53,11],[52,1,52,2],[52,3,52,4],[52,5,52,7],[52,8,52,9],[52,10,52,11],[55,1,55,2],[55,3,55,4],[55,5,55,7],[55,8,55,9],[55,10,55,11],[54,1,54,2],[54,3,54,4],[54,5,54,7],[54,8,54,9],[54,10,54,11],[57,1,57,2],[57,3,57,4],[57,5,57,7],[57,8,57,9],[57,10,57,11],[56,1,56,2],[56,3,56,4],[56,5,56,7],[56,8,56,9],[56,10,56,11],[59,1,59,2],[59,3,59,4],[59,5,59,7],[59,8,59,9],[59,10,59,11],[58,1,58,2],[58,3,58,4],[58,5,58,7],[58,8,58,9],[58,10,58,11],[61,1,61,2],[61,3,61,4],[61,5,61,7],[61,8,61,9],[61,10,61,11],[60,1,60,2],[60,3,60,4],[60,5,60,7],[60,8,60,9],[60,10,60,11],[63,1,63,2],[63,3,63,4],[63,5,63,7],[63,8,63,9],[63,10,63,11],[62,1,62,2],[62,3,62,4],[62,5,62,7],[62,8,62,9],[62,10,62,11],[65,1,65,2],[65,3,65,4],[65,5,65,7],[65,8,65,9],[65,10,65,11],[64,1,64,2],[64,3,64,4],[64,5,64,7],[64,8,64,9],[64,10,64,11],[67,1,67,2],[67,3,67,4],[67,5,67,7],[67,8,67,9],[67,10,67,11],[66,1,66,2],[66,3,66,4],[66,5,66,7],[66,8,66,9],[66,10,66,11],[69,1,69,2],[69,3,69,4],[69,5,69,7],[69,8,69,9],[69,10,69,11],[68,1,68,2],[68,3,68,4],[68,5,68,7],[68,8,68,9],[68,10,68,11],[71,1,71,2],[71,3,71,4],[71,5,71,7],[71,8,71,9],[71,10,71,11],[70,1,70,2],[70,3,70,4],[70,5,70,7],[70,8,70,9],[70,10,70,11],[73,1,73,2],[73,3,73,4],[73,5,73,7],[73,8,73,9],[73,10,73,11],[72,1,72,2],[72,3,72,4],[72,5,72,7],[72,8,72,9],[72,10,72,11],[75,1,75,2],[75,3,75,4],[75,5,75,7],[75,8,75,9],[75,10,75,11],[74,1,74,2],[74,3,74,4],[74,5,74,7],[74,8,74,9],[74,10,74,11],[77,1,77,2],[77,3,77,4],[77,5,77,7],[77,8,77,9],[77,10,77,11],[76,1,76,2],[76,3,76,4],[76,5,76,7],[76,8,76,9],[76,10,76,11],[79,1,79,2],[79,3,79,4],[79,5,79,7],[79,8,79,9],[79,10,79,11],[78,1,78,2],[78,3,78,4],[78,5,78,7],[78,8,78,9],[78,10,78,11],[81,1,81,2],[81,3,81,4],[81,5,81,7],[81,8,81,9],[81,10,81,11],[80,1,80,2],[80,3,80,4],[80,5,80,7],[80,8,80,9],[80,10,80,11],[83,1,83,2],[83,3,83,4],[83,5,83,7],[83,8,83,9],[83,10,83,11],[82,1,82,2],[82,3,82,4],[82,5,82,7],[82,8,82,9],[82,10,82,11],[85,1,85,2],[85,3,85,4],[85,5,85,7],[85,8,85,9],[85,10,85,11],[84,1,84,2],[84,3,84,4],[84,5,84,7],[84,8,84,9],[84,10,84,11],[87,1,87,2],[87,3,87,4],[87,5,87,7],[87,8,87,9],[87,10,87,11],[86,1,86,2],[86,3,86,4],[86,5,86,7],[86,8,86,9],[86,10,86,11],[89,1,89,2],[89,3,89,4],[89,5,89,7],[89,8,89,9],[89,10,89,11],[88,1,88,2],[88,3,88,4],[88,5,88,7],[88,8,88,9],[88,10,88,11],[91,1,91,2],[91,3,91,4],[91,5,91,7],[91,8,91,9],[91,10,91,11],[90,1,90,2],[90,3,90,4],[90,5,90,7],[90,8,90,9],[90,10,90,11],[93,1,93,2],[93,3,93,4],[93,5,93,7],[93,8,93,9],[93,10,93,11],[92,1,92,2],[92,3,92,4],[92,5,92,7],[92,8,92,9],[92,10,92,11],[95,1,95,2],[95,3,95,4],[95,5,95,7],[95,8,95,9],[95,10,95,11],[94,1,94,2],[94,3,94,4],[94,5,94,7],[94,8,94,9],[94,10,94,11],[97,1,97,2],[97,3,97,4],[97,5,97,7],[97,8,97,9],[97,10,97,11],[96,1,96,2],[96,3,96,4],[96,5,96,7],[96,8,96,9],[96,10,96,11],[99,1,99,2],[99,3,99,4],[99,5,99,7],[99,8,99,9],[99,10,99,11],[98,1,98,2],[98,3,98,4],[98,5,98,7],[98,8,98,9],[98,10,98,11],[101,1,101,2],[101,3,101,4],[101,5,101,7],[101,8,101,9],[101,10,101,11],[100,1,100,2],[100,3,100,4],[100,5,100,7],[100,8,100,9],[100,10,100,11],[103,1,103,2],[103,3,103,4],[103,5,103,7],[103,8,103,9],[103,10,103,11],[102,1,102,2],[102,3,102,4],[102,5,102,7],[102,8,102,9],[102,10,102,11],[105,1,105,2],[105,3,105,4],[105,5,105,7],[105,8,105,9],[105,10,105,11],[104,1,104,2],[104,3,104,4],[104,5,104,7],[104,8,104,9],[104,10,104,11],[107,1,107,2],[107,3,107,4],[107,5,107,7],[107,8,107,9],[107,10,107,11],[106,1,106,2],[106,3,106,4],[106,5,106,7],[106,8,106,9],[106,10,106,11],[109,1,109,2],[109,3,109,4],[109,5,109,7],[109,8,109,9],[109,10,109,11],[108,1,108,2],[108,3,108,4],[108,5,108,7],[108,8,108,9],[108,10,108,11],[111,1,111,2],[111,3,111,4],[111,5,111,7],[111,8,111,9],[111,10,111,11],[110,1,110,2],[110,3,110,4],[110,5,110,7],[110,8,110,9],[110,10,110,11],[113,1,113,2],[113,3,113,4],[113,5,113,7],[113,8,113,9],[113,10,113,11],[112,1,112,2],[112,3,112,4],[112,5,112,7],[112,8,112,9],[112,10,112,11],[115,1,115,2],[115,3,115,4],[115,5,115,7],[115,8,115,9],[115,10,115,11],[114,1,114,2],[114,3,114,4],[114,5,114,7],[114,8,114,9],[114,10,114,11],[117,1,117,2],[117,3,117,4],[117,5,117,7],[117,8,117,9],[117,10,117,11],[116,1,116,2],[116,3,116,4],[116,5,116,7],[116,8,116,9],[116,10,116,11],[119,1,119,2],[119,3,119,4],[119,5,119,7],[119,8,119,9],[119,10,119,11],[118,1,118,2],[118,3,118,4],[118,5,118,7],[118,8,118,9],[118,10,118,11],[121,1,121,2],[121,3,121,4],[121,5,121,7],[121,8,121,9],[121,10,121,11],[120,1,120,2],[120,3,120,4],[120,5,120,7],[120,8,120,9],[120,10,120,11],[123,1,123,2],[123,3,123,4],[123,5,123,7],[123,8,123,9],[123,10,123,11],[122,1,122,2],[122,3,122,4],[122,5,122,7],[122,8,122,9],[122,10,122,11],[125,1,125,2],[125,3,125,4],[125,5,125,7],[125,8,125,9],[125,10,125,11],[124,1,124,2],[124,3,124,4],[124,5,124,7],[124,8,124,9],[124,10,124,11],[127,1,127,2],[127,3,127,4],[127,5,127,7],[127,8,127,9],[127,10,127,11],[126,1,126,2],[126,3,126,4],[126,5,126,7],[126,8,126,9],[126,10,126,11],[129,1,129,2],[129,3,129,4],[129,5,129,7],[129,8,129,9],[129,10,129,11],[128,1,128,2],[128,3,128,4],[128,5,128,7],[128,8,128,9],[128,10,128,11],[131,1,131,2],[131,3,131,4],[131,5,131,7],[131,8,131,9],[131,10,131,11],[130,1,130,2],[130,3,130,4],[130,5,130,7],[130,8,130,9],[130,10,130,11],[133,1,133,2],[133,3,133,4],[133,5,133,7],[133,8,133,9],[133,10,133,11],[132,1,132,2],[132,3,132,4],[132,5,132,7],[132,8,132,9],[132,10,132,11],[137,10,137,11],[135,1,135,2],[135,3,135,4],[135,5,135,7],[135,8,135,9],[135,10,135,11],[134,1,134,2],[134,3,134,4],[134,5,134,7],[134,8,134,9],[134,10,134,11],[210,1,211,1],[210,2,211,2],[210,3,210,13],[211,3,211,13],[143,3,143,4],[143,5,143,7],[143,8,143,9],[143,10,143,11],[136,1,136,2],[136,3,136,4],[136,5,136,7],[136,8,136,9],[136,10,136,11],[142,1,142,2],[142,3,142,4],[142,5,142,7],[142,8,142,9],[142,10,142,11],[141,1,141,2],[141,3,141,4],[141,5,141,7],[141,8,141,9],[141,10,141,11],[137,8,137,9]]}